ulate the remainder when 3746 is divided by 16.
2
Calculate the remainder when 47799 is divided by 621.
603
Calculate the remainder when 25188 is divided by 600.
588
What is the remainder when 4251 is divided by 1970?
311
What is the remainder when 961 is divided by 197?
173
Calculate the remainder when 2579 is divided by 2008.
571
What is the remainder when 280279 is divided by 88?
87
What is the remainder when 689 is divided by 113?
11
What is the remainder when 5786 is divided by 88?
66
Calculate the remainder when 5422662 is divided by 46.
44
Calculate the remainder when 419519 is divided by 4.
3
What is the remainder when 65104 is divided by 121?
6
What is the remainder when 11746 is divided by 1432?
290
Calculate the remainder when 1586824 is divided by 886.
884
What is the remainder when 17092 is divided by 2848?
4
What is the remainder when 92142 is divided by 886?
884
Calculate the remainder when 7528 is divided by 118.
94
Calculate the remainder when 122947 is divided by 1397.
11
What is the remainder when 2121 is divided by 107?
88
Calculate the remainder when 1415 is divided by 443.
86
Calculate the remainder when 316566 is divided by 79140.
6
What is the remainder when 144004 is divided by 96?
4
What is the remainder when 4147 is divided by 278?
255
Calculate the remainder when 238609 is divided by 37.
33
Calculate the remainder when 2497 is divided by 170.
117
What is the remainder when 219179 is divided by 52?
51
What is the remainder when 1143 is divided by 287?
282
What is the remainder when 7645 is divided by 201?
7
Calculate the remainder when 9672 is divided by 206.
196
What is the remainder when 1566 is divided by 252?
54
Calculate the remainder when 1431 is divided by 1410.
21
What is the remainder when 899 is divided by 866?
33
Calculate the remainder when 412 is divided by 381.
31
Calculate the remainder when 532 is divided by 528.
4
Calculate the remainder when 116607 is divided by 69.
66
Calculate the remainder when 15939 is divided by 37.
29
What is the remainder when 1539 is divided by 77?
76
Calculate the remainder when 161384 is divided by 18.
14
What is the remainder when 33500 is divided by 39?
38
Calculate the remainder when 1708 is divided by 708.
292
Calculate the remainder when 4965 is divided by 681.
198
What is the remainder when 2202813 is divided by 88?
85
What is the remainder when 902493 is divided by 1659?
1656
Calculate the remainder when 140 is divided by 80.
60
What is the remainder when 29755 is divided by 4?
3
Calculate the remainder when 2231 is divided by 378.
341
Calculate the remainder when 40441 is divided by 107.
102
Calculate the remainder when 46981 is divided by 23487.
7
Calculate the remainder when 1663304 is divided by 184811.
5
Calculate the remainder when 197779 is divided by 24721.
11
Calculate the remainder when 6716 is divided by 835.
36
Calculate the remainder when 12095 is divided by 303.
278
What is the remainder when 682 is divided by 107?
40
What is the remainder when 1557 is divided by 52?
49
Calculate the remainder when 192505 is divided by 63.
40
What is the remainder when 133346 is divided by 66667?
12
What is the remainder when 2613840 is divided by 847?
845
What is the remainder when 6948 is divided by 3474?
0
What is the remainder when 1937 is divided by 784?
369
What is the remainder when 3049 is divided by 3039?
10
What is the remainder when 8804 is divided by 2196?
20
Calculate the remainder when 17548 is divided by 50.
48
What is the remainder when 4931 is divided by 33?
14
Calculate the remainder when 17913 is divided by 17905.
8
What is the remainder when 12261 is divided by 1738?
95
What is the remainder when 11229 is divided by 108?
105
What is the remainder when 9423 is divided by 2923?
654
Calculate the remainder when 16100 is divided by 121.
7
Calculate the remainder when 18182 is divided by 3614.
112
Calculate the remainder when 126923 is divided by 63433.
57
Calculate the remainder when 33469 is divided by 453.
400
Calculate the remainder when 80800 is divided by 26.
18
Calculate the remainder when 2865 is divided by 407.
16
Calculate the remainder when 17243 is divided by 3977.
1335
Calculate the remainder when 43816 is divided by 3370.
6
Calculate the remainder when 8765 is divided by 11.
9
What is the remainder when 344180 is divided by 687?
680
What is the remainder when 59146 is divided by 146?
16
Calculate the remainder when 2658 is divided by 12.
6
Calculate the remainder when 4944 is divided by 170.
14
What is the remainder when 6937695 is divided by 371?
366
What is the remainder when 55146 is divided by 50?
46
Calculate the remainder when 3892 is divided by 967.
24
Calculate the remainder when 5703 is divided by 3561.
2142
What is the remainder when 14803 is divided by 526?
75
What is the remainder when 70394 is divided by 68?
14
Calculate the remainder when 3600 is divided by 37.
11
Calculate the remainder when 2429 is divided by 2175.
254
What is the remainder when 4522 is divided by 6?
4
What is the remainder when 564 is divided by 305?
259
What is the remainder when 4187 is divided by 251?
171
Calculate the remainder when 6248 is divided by 2.
0
Calculate the remainder when 203786 is divided by 306.
296
What is the remainder when 87542 is divided by 86?
80
Calculate the remainder when 3850 is divided by 99.
88
Calculate the remainder when 289 is divided by 43.
31
What is the remainder when 96147 is divided by 476?
471
What is the remainder when 161095 is divided by 26?
25
What is the remainder when 7182 is divided by 6161?
1021
Calculate the remainder when 12190 is divided by 2435.
15
Calculate the remainder when 26564 is divided by 6454.
748
What is the remainder when 168258 is divided by 188?
186
Calculate the remainder when 28584 is divided by 654.
462
Calculate the remainder when 83280 is divided by 905.
20
What is the remainder when 49435 is divided by 7051?
78
Calculate the remainder when 550 is divided by 315.
235
Calculate the remainder when 1270 is divided by 456.
358
Calculate the remainder when 3301 is divided by 1547.
207
What is the remainder when 23092 is divided by 41?
9
Calculate the remainder when 31999 is divided by 3000.
1999
What is the remainder when 3637 is divided by 104?
101
Calculate the remainder when 130821 is divided by 11892.
9
What is the remainder when 233232 is divided by 10?
2
Calculate the remainder when 1992 is divided by 394.
22
What is the remainder when 14455 is divided by 291?
196
What is the remainder when 1343837 is divided by 1184?
1181
What is the remainder when 1411 is divided by 103?
72
What is the remainder when 40685 is divided by 2?
1
What is the remainder when 10566 is divided by 80?
6
Calculate the remainder when 8199 is divided by 293.
288
What is the remainder when 2474 is divided by 363?
296
Calculate the remainder when 59068 is divided by 19675.
43
What is the remainder when 3208 is divided by 1069?
1
What is the remainder when 3660 is divided by 74?
34
Calculate the remainder when 11249 is divided by 10912.
337
Calculate the remainder when 3262 is divided by 2443.
819
Calculate the remainder when 359486 is divided by 137.
135
What is the remainder when 52683 is divided by 152?
91
What is the remainder when 190143 is divided by 228?
219
Calculate the remainder when 63307 is divided by 728.
699
What is the remainder when 76807 is divided by 139?
79
Calculate the remainder when 692149 is divided by 405.
4
What is the remainder when 3961 is divided by 151?
35
Calculate the remainder when 240713 is divided by 38.
21
What is the remainder when 5429 is divided by 2557?
315
What is the remainder when 1115 is divided by 308?
191
Calculate the remainder when 57000 is divided by 208.
8
Calculate the remainder when 956843 is divided by 31.
28
Calculate the remainder when 66013 is divided by 4124.
29
What is the remainder when 16267 is divided by 3?
1
Calculate the remainder when 425554 is divided by 42.
10
Calculate the remainder when 156 is divided by 9.
3
Calculate the remainder when 16685 is divided by 5552.
29
What is the remainder when 116347 is divided by 29086?
3
Calculate the remainder when 18868 is divided by 43.
34
What is the remainder when 58478 is divided by 171?
167
Calculate the r